{"id":10091,"date":"2024-09-06T02:47:53","date_gmt":"2024-09-06T02:47:53","guid":{"rendered":"https:\/\/eltiosam.com.mx\/?post_type=product&#038;p=10091"},"modified":"2024-09-18T02:41:38","modified_gmt":"2024-09-18T02:41:38","slug":"horno-vapor-220v-60x60cm-asko-ocs8664s","status":"publish","type":"product","link":"https:\/\/eltiosam.com.mx\/index.php\/product\/horno-vapor-220v-60x60cm-asko-ocs8664s\/","title":{"rendered":"HORNO DE VAPOR 24&#8243; ASKO OCS8664S"},"content":{"rendered":"<p><strong>Descripci\u00f3n:<\/strong><\/p>\n<p>Este horno es ideal para quienes buscan un electrodom\u00e9stico de gran capacidad con tecnolog\u00eda de vapor avanzada para una cocci\u00f3n saludable y eficiente.<\/p>\n","protected":false},"excerpt":{"rendered":"<p>Descripci\u00f3n: Este horno es ideal para quienes buscan un electrodom\u00e9stico de gran capacidad con tecnolog\u00eda de vapor avanzada para una cocci\u00f3n saludable y eficiente.<\/p>\n","protected":false},"featured_media":10092,"template":"","meta":{"_joinchat":[]},"product_brand":[],"product_cat":[29,69,175,177],"product_tag":[77],"class_list":{"0":"post-10091","1":"product","2":"type-product","3":"status-publish","4":"has-post-thumbnail","6":"product_cat-coccion","7":"product_cat-horno","8":"product_cat-hornos","9":"product_cat-hornos-de-vapor","10":"product_tag-asko","12":"first","13":"outofstock","14":"shipping-taxable","15":"purchasable","16":"product-type-simple"},"_links":{"self":[{"href":"https:\/\/eltiosam.com.mx\/index.php\/wp-json\/wp\/v2\/product\/10091","targetHints":{"allow":["GET"]}}],"collection":[{"href":"https:\/\/eltiosam.com.mx\/index.php\/wp-json\/wp\/v2\/product"}],"about":[{"href":"https:\/\/eltiosam.com.mx\/index.php\/wp-json\/wp\/v2\/types\/product"}],"wp:featuredmedia":[{"embeddable":true,"href":"https:\/\/eltiosam.com.mx\/index.php\/wp-json\/wp\/v2\/media\/10092"}],"wp:attachment":[{"href":"https:\/\/eltiosam.com.mx\/index.php\/wp-json\/wp\/v2\/media?parent=10091"}],"wp:term":[{"taxonomy":"product_brand","embeddable":true,"href":"https:\/\/eltiosam.com.mx\/index.php\/wp-json\/wp\/v2\/product_brand?post=10091"},{"taxonomy":"product_cat","embeddable":true,"href":"https:\/\/eltiosam.com.mx\/index.php\/wp-json\/wp\/v2\/product_cat?post=10091"},{"taxonomy":"product_tag","embeddable":true,"href":"https:\/\/eltiosam.com.mx\/index.php\/wp-json\/wp\/v2\/product_tag?post=10091"}],"curies":[{"name":"wp","href":"https:\/\/api.w.org\/{rel}","templated":true}]}}